{"id":50,"date":"2023-08-31T11:41:43","date_gmt":"2023-08-31T09:41:43","guid":{"rendered":"https:\/\/provenceoccitanieavecsylvia.com\/?page_id=50"},"modified":"2023-08-31T11:41:43","modified_gmt":"2023-08-31T09:41:43","slug":"une-minute-pour-vous-raconter","status":"publish","type":"page","link":"https:\/\/provenceoccitanieavecsylvia.com\/index.php\/une-minute-pour-vous-raconter\/","title":{"rendered":"Une minute pour vous raconter"},"content":{"rendered":"\n<p>La fin de l&rsquo;ann\u00e9e 2019 a \u00e9t\u00e9 frapp\u00e9e par une <strong>crise sanitaire mondiale<\/strong> qui a eu des r\u00e9percussions sur tous les aspects de nos vies. <\/p>\n\n\n\n<p>Les mesures mises en place par les pays du monde entier ont eu des r\u00e9percussions sur de tr\u00e8s nombreux m\u00e9tiers et celui des guides conf\u00e9renciers n&rsquo;y a pas \u00e9chapp\u00e9.<\/p>\n\n\n\n<p>En 2020, j&rsquo;ai d\u00e9cid\u00e9 de sortir de ma zone de confort afin de continuer \u00e0 proposer une d\u00e9couverte de notre patrimoine local : de courtes vid\u00e9os intitul\u00e9es : <strong>\u00ab\u00a0Une minute pour vous raconter\u00a0\u00bb<\/strong>.<\/p>\n\n\n\n<p><strong>\u00ab\u00a0Une minute pour vous raconter&#8230;\u00a0\u00bb<\/strong>, c&rsquo;est ma fa\u00e7on de reprendre la parole en tant que guide-conf\u00e9renci\u00e8re. La transmission des savoirs, des histoires, de l&rsquo;Histoire ; c&rsquo;est un socle de mon m\u00e9tier. Le droit de parole, nous le payons, au sens propre du terme dans certains lieux : c&rsquo;est vous dire s&rsquo;il est pr\u00e9cieux !<\/p>\n\n\n\n<p>Et pendant un an, je me suis sentie priv\u00e9e de parole !<\/p>\n\n\n\n<p>\u00ab\u00a0Un minute\u00a0\u00bb, \u00e7a n&rsquo;est jamais assez pour vous raconter une histoire, pour vous transmettre tout ce qui ne demande qu&rsquo;\u00e0 \u00eatre r\u00e9v\u00e9l\u00e9&#8230; Pourtant, j&rsquo;ai choisi de ne pas d\u00e9passer cinq minutes afin de respecter un format court, et, pour avoir le loisir de vous en dire plus quand nous nous retrouverons&#8230;<\/p>\n\n\n\n<p>Lorsque les visites guid\u00e9es ont \u00e0 nouveau \u00e9t\u00e9 r\u00e9alisables, j&rsquo;ai choisi de me consacrer \u00e0 la cr\u00e9ation de nouveau th\u00e8mes pour nos explorations urbaines. Ces vid\u00e9os sont toujours disponibles sur ma <strong>cha\u00eene Youtube<\/strong>, gratuitement, et j&rsquo;esp\u00e8re trouver le temps d&rsquo;en r\u00e9aliser de nouvelles dans un avenir proche.<\/p>\n\n\n\n<p>J&rsquo;ai en t\u00eate de nombreux portraits et sujets qui ne demandent qu&rsquo;\u00e0 trouver leur place sur cette cha\u00eene, mais n&rsquo;h\u00e9sitez pas \u00e0 me faire des suggestions : ce travail doit devenir <strong>participatif<\/strong> !<\/p>\n\n\n\n<p>A tr\u00e8s bient\u00f4t !<\/p>\n\n\n\n<p>Sylvia<\/p>\n","protected":false},"excerpt":{"rendered":"<p>La fin de l&rsquo;ann\u00e9e 2019 a \u00e9t\u00e9 frapp\u00e9e par une crise sanitaire mondiale qui a eu des r\u00e9percussions sur tous les aspects de nos vies. Les mesures mises en place par les pays du monde entier ont eu des r\u00e9percussions sur de tr\u00e8s nombreux m\u00e9tiers et celui des guides conf\u00e9renciers n&rsquo;y a pas \u00e9chapp\u00e9. En [&hellip;]<\/p>\n","protected":false},"author":1,"featured_media":0,"parent":0,"menu_order":0,"comment_status":"closed","ping_status":"closed","template":"","meta":{"_et_pb_use_builder":"","_et_pb_old_content":"","_et_gb_content_width":"","footnotes":""},"class_list":["post-50","page","type-page","status-publish","hentry"],"_links":{"self":[{"href":"https:\/\/provenceoccitanieavecsylvia.com\/index.php\/wp-json\/wp\/v2\/pages\/50","targetHints":{"allow":["GET"]}}],"collection":[{"href":"https:\/\/provenceoccitanieavecsylvia.com\/index.php\/wp-json\/wp\/v2\/pages"}],"about":[{"href":"https:\/\/provenceoccitanieavecsylvia.com\/index.php\/wp-json\/wp\/v2\/types\/page"}],"author":[{"embeddable":true,"href":"https:\/\/provenceoccitanieavecsylvia.com\/index.php\/wp-json\/wp\/v2\/users\/1"}],"replies":[{"embeddable":true,"href":"https:\/\/provenceoccitanieavecsylvia.com\/index.php\/wp-json\/wp\/v2\/comments?post=50"}],"version-history":[{"count":1,"href":"https:\/\/provenceoccitanieavecsylvia.com\/index.php\/wp-json\/wp\/v2\/pages\/50\/revisions"}],"predecessor-version":[{"id":51,"href":"https:\/\/provenceoccitanieavecsylvia.com\/index.php\/wp-json\/wp\/v2\/pages\/50\/revisions\/51"}],"wp:attachment":[{"href":"https:\/\/provenceoccitanieavecsylvia.com\/index.php\/wp-json\/wp\/v2\/media?parent=50"}],"curies":[{"name":"wp","href":"https:\/\/api.w.org\/{rel}","templated":true}]}}